29
List the prime factors of 48379939.
48379939
What are the prime factors of 283893260?
2, 5, 7, 127, 2281
What are the prime factors of 649381?
649381
What are the prime factors of 511495306?
2, 7, 36535379
List the prime factors of 182474265.
3, 5, 12164951
List the prime factors of 176032941.
3, 7, 691, 1733
List the prime factors of 5323385078.
2, 11, 19, 105251
What are the prime factors of 30363084?
2, 3, 541, 1559
List the prime factors of 98684128.
2, 3083879
What are the prime factors of 112630036?
2, 28157509
List the prime factors of 2174889.
3, 73, 9931
What are the prime factors of 103845159?
3, 11, 116549
What are the prime factors of 365374839?
3, 2477, 49169
What are the prime factors of 132326155?
5, 13, 149, 1051
What are the prime factors of 7233938?
2, 3616969
What are the prime factors of 1681987241?
11, 13900721
What are the prime factors of 187393584?
2, 3, 7, 17, 53, 619
List the prime factors of 2593516574.
2, 11, 29, 4065073
List the prime factors of 2567708844.
2, 3, 2161, 99017
List the prime factors of 124016399.
13, 31, 307733
What are the prime factors of 6615589485?
3, 5, 441039299
List the prime factors of 2473466090.
2, 5, 247346609
What are the prime factors of 778076572?
2, 7, 13, 43, 49711
List the prime factors of 807875737.
617, 877, 1493
List the prime factors of 17559723.
3, 5853241
List the prime factors of 826512206.
2, 13, 89, 357179
List the prime factors of 272925750.
2, 3, 5, 363901
List the prime factors of 3141785980.
2, 5, 17, 233, 39659
List the prime factors of 1339707747.
3, 7, 827, 77141
List the prime factors of 18359059.
29, 283, 2237
List the prime factors of 810908120.
2, 5, 11, 167543
What are the prime factors of 1012814379?
3, 157, 716783
List the prime factors of 68478326.
2, 7, 733, 6673
What are the prime factors of 161552880?
2, 3, 5, 107, 233
What are the prime factors of 5235621?
3, 19, 31, 2963
What are the prime factors of 30975902?
2, 15487951
What are the prime factors of 97000560?
2, 3, 5, 199, 677
What are the prime factors of 149525545?
5, 13, 107, 21499
What are the prime factors of 791846889?
3, 1493, 176791
What are the prime factors of 48488011?
11, 13, 211, 1607
List the prime factors of 27593474.
2, 59, 379, 617
What are the prime factors of 1153217165?
5, 230643433
What are the prime factors of 69872981?
69872981
List the prime factors of 71844359.
59, 20639
List the prime factors of 23296441.
7, 3328063
What are the prime factors of 308494282?
2, 907, 170063
What are the prime factors of 286298655?
3, 5, 19086577
List the prime factors of 394326295.
5, 11, 211, 3089
What are the prime factors of 56851608?
2, 3, 11, 19577
List the prime factors of 2542956.
2, 3, 13, 16301
List the prime factors of 171558767.
157, 1092731
What are the prime factors of 67632776?
2, 1543, 5479
What are the prime factors of 45745258?
2, 13, 41, 3301
List the prime factors of 1529042512.
2, 31, 3082747
What are the prime factors of 44609603?
44609603
What are the prime factors of 71630293?
7, 10232899
List the prime factors of 1586769950.
2, 5, 4639, 6841
List the prime factors of 1630985880.
2, 3, 5, 811, 16759
What are the prime factors of 2912131497?
3, 11, 6473, 13633
What are the prime factors of 890490185?
5, 13, 131, 104579
What are the prime factors of 3110874?
2, 3, 13, 39883
List the prime factors of 369468915.
3, 5, 59, 417479
List the prime factors of 1096759481.
1096759481
List the prime factors of 31451337.
3, 151, 23143
List the prime factors of 3341919.
3, 7, 233, 683
What are the prime factors of 60928842?
2, 3, 13, 781139
List the prime factors of 231910021.
7, 33130003
What are the prime factors of 384929846?
2, 7, 27494989
What are the prime factors of 101252216?
2, 13, 19, 51241
List the prime factors of 156784532.
2, 107, 337, 1087
List the prime factors of 24622698.
2, 3, 17, 283, 853
List the prime factors of 1563592955.
5, 97, 3223903
List the prime factors of 2103978389.
61, 269, 128221
List the prime factors of 209937055.
5, 41987411
What are the prime factors of 35641604?
2, 47, 189583
What are the prime factors of 1287806222?
2, 643903111
List the prime factors of 83085360.
2, 3, 5, 67, 5167
List the prime factors of 790593820.
2, 5, 2539, 15569
List the prime factors of 1495085.
5, 299017
List the prime factors of 30955495.
5, 37, 149, 1123
What are the prime factors of 1274641087?
19, 41, 821, 1993
What are the prime factors of 47976613?
47, 1020779
List the prime factors of 8841158209.
13, 23, 29569091
What are the prime factors of 14220403?
14220403
What are the prime factors of 4057040946?
2, 3, 7, 13799459
What are the prime factors of 1760445357?
3, 11, 53346829
List the prime factors of 165560296.
2, 11, 41, 45887
What are the prime factors of 11795950?
2, 5, 235919
What are the prime factors of 66519179?
41, 1622419
What are the prime factors of 1697643487?
1697643487
List the prime factors of 1387229029.
103, 13468243
What are the prime factors of 184626155?
5, 7, 1151, 4583
What are the prime factors of 690669222?
2, 3, 59, 1951043
List the prime factors of 105672933.
3, 11741437
What are the prime factors of 168083093?
113, 1487461
What are the prime factors of 220054276?
2, 13, 19, 71, 3137
What are the prime factors of 128381479?
239, 487, 1103
What are the prime factors of 127371314?
2, 7, 233, 39047
List the prime factors of 92477358.
2, 3, 71, 269
List the prime factors of 426514644.
2, 3, 11847629
List the prime factors of 3083723716.
2, 11279, 68351
What are the prime factors of 1169539093?
293, 3991601
List the prime factors of 6776883771.
3, 7, 10667, 30253
What are the prime factors of 2133585824?
2, 359, 185723
List the prime factors of 1313721393.
3, 17, 47, 548069
List the prime factors of 294130472.
2, 36766309
List the prime factors of 524944314.
2, 3, 73, 44389
List the prime factors of 74260544.
2, 929, 1249
What are the prime factors of 286213040?
2, 5, 3577663
List the prime factors of 52559197.
73, 719989
List the prime factors of 2762060123.
2753, 1003291
List the prime factors of 80288215.
5, 7, 327707
What are the prime factors of 46111534?
2, 7, 3293681
List the prime factors of 156281938.
2, 97, 113, 7129
What are the prime factors of 3354847438?
2, 3167, 529657
What are the prime factors of 1799451522?
2, 3, 11, 9088139
What are the prime factors of 69270822?
2, 3, 449, 2857
What are the prime factors of 880212507?
3, 23, 12756703
List the prime factors of 638960798.
2, 7, 157, 290701
What are the prime factors of 163301331?
3, 61, 892357
What are the prime factors of 1616905123?
1616905123
What are the prime factors of 103953173?
103953173
What are the prime factors of 646531034?
2, 443, 729719
List the prime factors of 85287926.
2, 79, 539797
List the prime factors of 54318686.
2, 23, 41, 83, 347
List the prime factors of 1151188196.
2, 53, 2003, 2711
What are the prime factors of 3637853378?
2, 1818926689
List the prime factors of 5516836533.
3, 13, 71, 911
What are the prime factors of 32965607?
1483, 22229
What are the prime factors of 19966672?
2, 11, 41, 2767
What are the prime factors of 2997763725?
3, 5, 11, 3633653
List the prime factors of 134175918.
2, 3, 2203, 10151
What are the prime factors of 1583376558?
2, 3, 83, 353, 9007
List the prime factors of 366215525.
5, 13, 107, 10531
What are the prime factors of 4811822294?
2, 31, 5653, 13729
What are the prime factors of 77048756?
2, 463, 41603
What are the prime factors of 3572189564?
2, 893047391
What are the prime factors of 2829056?
2, 43, 257
List the prime factors of 213636995.
5, 11, 13, 23, 1181
What are the prime factors of 2606443819?
7, 863, 61637
What are the prime factors of 378744383?
9433, 40151
What are the prime factors of 111185009?
13, 647, 13219
List the prime factors of 232547680.
2, 5, 613, 2371
List the prime factors of 476090321.
7, 17, 521, 1097
List the prime factors of 758711486.
2, 13, 29181211
List the prime factors of 129186591.
3, 337, 127781
What are the prime factors of 628649182?
2, 7, 29, 107, 499
List the prime factors of 580316917.
37, 15684241
List the prime factors of 3887837219.
7, 17, 179, 182519
List the prime factors of 1210924726.
2, 11, 55042033
List the prime factors of 155396125.
5, 1243169
What are the pr